 What are the prime factors of g?
53
Suppose w + 5*q + 12 = -6, 2*w - 2*q + 36 = 0. Let j = w + 20. List the prime factors of j.
2
Let x(t) = -t**3 + 12*t**2 + 17*t - 26. List the prime factors of x(12).
2, 89
Suppose 2*b + 5*t = -b + 769, 1275 = 5*b + 5*t. What are the prime factors of b?
11, 23
Let o(p) be the second derivative of p**4/12 - 5*p**3/2 + 7*p**2 - 5*p. What are the prime factors of o(16)?
2, 3, 5
Let l(m) = m + 1. Let o(f) = -7*f - 16. Let i(a) = -6*l(a) - o(a). Suppose -5*j + 3 = 33. What are the prime factors of i(j)?
2
Let p = -17 + 4. Let n = 16 + p. What are the prime factors of n?
3
Let g(r) = r**2 + 5*r + 5. Let i be g(-5). Suppose i = -3*b + 4*b. Suppose b*m - 5*h = 35, 3*m - 12 = m + h. What are the prime factors of m?
5
Let n be (-2 + 6)*1 + -2. Suppose -n*j = -4*j. Suppose 5*i + 12 = -2*t, j*i + 3*i = 4*t - 28. What are the prime factors of t?
2
Let p(b) = -b - 1. Let t be p(-3). Suppose -3*q - t*q = -140. Suppose 0 = -8*j + 6*j + q. What are the prime factors of j?
2, 7
Let z(f) = -21*f - 1. Let q(y) = 3*y - 3 - 2*y**2 + 0*y**2 + y**2. Let l be q(2). List the prime factors of z(l).
2, 5
Let c = -22 + 45. What are the prime factors of ((-3)/1 - c)/(-2)?
13
Let z(k) = 6*k**3 + 2*k**2 - 1. Let s be z(1). Let a(w) = 2*w + 5. Let r be a(-4). List the prime factors of s - ((-3)/r + 1).
5
Suppose -5*a + 778 = -87. Let l = a + -93. Suppose -6*g = -g - l. What are the prime factors of g?
2
Let z(o) = o + 11 + o - 5*o + 2*o. Let y be z(7). Suppose 5*n - 33 + 8 = 0, y*c = n + 19. What are the prime factors of c?
2, 3
Suppose -12 + 104 = 4*c. List the prime factors of c.
23
Suppose 3*b = b + 70. What are the prime factors of b?
5, 7
What are the prime factors of 2442/21 - ((-9)/(-7) - 1)?
2, 29
Let h(i) = -i**3 + 3*i**2 - 4*i + 10. Let g be h(4). Let k = g + 24. List the prime factors of k.
2
Let k(b) = -b**3 + 9*b**2 + b + 5. Let r = 28 + -19. List the prime factors of k(r).
2, 7
Let w = 22 - 25. Let l(c) = -12*c - 4. What are the prime factors of l(w)?
2
Let o(w) = w + 8. Let y be o(-6). Suppose -6*r + 40 = -y*r + 3*k, 3*r - 47 = 2*k. List the prime factors of r.
13
Suppose -5*g = -5, 2*d + 0*d - 7 = g. Suppose -u = 5, -3*u + 4*u = 3*c - 14. Suppose -c*r - 5 = -d*r. What are the prime factors of r?
5
Let q = -250 + 360. What are the prime factors of q?
2, 5, 11
Let c = -17 + 49. What are the prime factors of (c/28)/(4/28)?
2
Let n(o) = o**2 + 6*o + 6. List the prime factors of n(-6).
2, 3
Let x(q) be the third derivative of -q**6/120 + q**3/3 + 4*q**2. Let y be x(0). List the prime factors of 2/(-5)*(y - 7).
2
Let k be 2 + 0/(3 + -1). Suppose -m - 4 + 1 = 0, k*b + m = 5. List the prime factors of b.
2
Let i be (-12)/((-6)/2) + -1. Suppose 3*p - 3*c + 10 = 4, 4*p + i*c - 6 = 0. List the prime factors of 6 - 8 - (-7 - p).
5
Suppose 2*c + 2*c - 8 = 0. Suppose -c*t + 24 = 6. Let d(b) = b**3 - 9*b**2 + 2*b - 6. List the prime factors of d(t).
2, 3
Let z(q) = q + 4. Let p be z(-12). Let g = p - -28. What are the prime factors of g?
2, 5
Let k be 2/(-2 + 0) - 7. What are the prime factors of -6*((-180)/k)/(-5)?
3
Suppose 2*o = 4*f - 12, 4*o + 6 + 2 = 4*f. Let u(s) = 1 - 2*s**3 + 3*s**3 + o*s**2 - 2*s - 5*s**2. List the prime factors of u(4).
3
Let n = 0 + 2. Suppose -n = 2*x - 4. Suppose x = -w, -w - 12 = -2*f + 11. What are the prime factors of f?
11
Let o(f) = -10*f**2 + 37*f. Let v be 24/(-15) + 4/(-10). Let a(t) = -3*t**2 + 12*t. Let i(s) = v*o(s) + 7*a(s). List the prime factors of i(9).
3
Let s = 5 + -1. Let d(u) = -5*u**2 + 3*u**2 + 2*u**3 - s - u**3. List the prime factors of d(3).
5
Suppose 0*m - 10 = -m. What are the prime factors of m?
2, 5
Let n(p) = 7*p - 1. Let q(r) = 3*r. Let c(y) = -2*y. Let m be c(-2). Let h(o) = m*n(o) - 9*q(o). What are the prime factors of h(6)?
2
What are the prime factors of (24/18)/(2/48)?
2
Suppose 3*a + 8 = 3*f - 4, 5*f + 5*a - 30 = 0. Let d = -3 + f. List the prime factors of d.
2
Let u(o) = o**3 + 10*o**2 - 3*o + 9. What are the prime factors of u(-10)?
3, 13
Let w be 3 - 1 - 4 - 4. What are the prime factors of ((-2)/(-2))/(w/(-24))?
2
Suppose 0 = 3*r + 3*v - 537, 0 = -4*r + 2*v - 84 + 800. What are the prime factors of r?
179
Let r(k) = k**3 + k**2 + 1. Let s(g) = -5*g**3 - 4*g**2 - 2*g - 7. Let a(n) = 4*r(n) + s(n). List the prime factors of a(-2).
3
Suppose -5*f - 6 = 4. Let k = -2 - f. Suppose -2*o - 3*o + 95 = k. List the prime factors of o.
19
Suppose 4*m + 88 = 2*s, s = -3*m + 16 + 13. What are the prime factors of s?
2, 19
Suppose m = 6*m + 50. Let n(i) = i**2 + 9*i - 3. Let q be n(m). Let k = 18 - q. What are the prime factors of k?
11
Suppose -a - 755 = -5*r - 6*a, -r - 2*a = -153. List the prime factors of r.
149
Suppose -3*v + 388 = -4*m, -5*v = -4*m + m - 665. What are the prime factors of v?
2, 17
Suppose 0 = -3*m - 2*m, -30 = -5*x - 4*m. Suppose 0*c = c + x. Let v(s) = -2*s - 3. What are the prime factors of v(c)?
3
Let a = 4 - 2. Suppose -a = -5*j + 8. Suppose 3*z + 27 = -0*w + j*w, -26 = -2*w + 2*z. List the prime factors of w.
2, 3
List the prime factors of ((-5)/(-5))/1*324.
2, 3
Suppose -5*c + 0*c = -20. Suppose 0 = 2*a + 3*w - 22, 3*a + w = -3*w + 34. Let b = c + a. List the prime factors of b.
2, 3
Let u(b) = -b**2 - 6*b - 2. Suppose 2*q = -3*z - 159, 85 = -4*z + 4*q - 107. Let t be 2/8 + z/12. What are the prime factors of u(t)?
2, 3
Suppose 0 = m + 3*n + 12, -4*n = n + 10. Let v be 6/15 + m/15. Suppose 3*z + d - 7 = v, d = -4*z - 3*d + 12. List the prime factors of z.
2
Let n = -10 - -14. Suppose -l + n + 7 = 0. What are the prime factors of l?
11
Let g be 28/6 - (-8)/(-12). Suppose 3*l - 55 = -g. List the prime factors of l.
17
Let p be 0 + (1 - -1)/1. Suppose -a + 2*t + 2 = 0, t + p*t = a - 3. Suppose 32 = 2*k + 5*v, a = 2*k - 5*v + 5 + 3. What are the prime factors of k?
2, 3
Let d be 4/10*(-45)/(-9). Suppose 3*t = d*u + 33 + 50, -t + u = -27. List the prime factors of t.
29
Suppose 6 = 3*d, 3*d - 11 = -3*z + 2*d. Let x(c) = -3 + z*c + 5 + 4 + c**2. What are the prime factors of x(-4)?
2, 5
Let d = 99 - 54. What are the prime factors of d?
3, 5
Let n(f) = 3*f**2 + 6*f - 6. What are the prime factors of n(-5)?
3, 13
Let c(d) = 8*d**2 - 5*d + 8. Let l(z) = -7*z**2 + 5*z - 7. Let v(r) = -6*c(r) - 7*l(r). Let k be v(5). List the prime factors of k*(6 - (1 + -1)).
2, 3
Let v be (0 + 2 - 2)/(-2). Let p(i) = 3*i - 2*i - 3 - 7*i**3 + 4 + v*i. What are the prime factors of p(-1)?
7
Let d be (-1)/(-2)*86 + 0. Let u be d/((-1)/(2/(-2))). Suppose 0 = -0*g - 2*g + 5*w + u, 2*w - 26 = -4*g. What are the prime factors of g?
3
Let i be 0 + (48/4)/4. Suppose 108 = -4*x - b + 321, 5*x + i*b - 261 = 0. What are the prime factors of x?
2, 3
Let n(g) = 4*g**2 + g - 10. Let u(t) = 5*t**2 + 2*t - 11. Suppose -a = -4*a - 9. Let m(h) = a*u(h) + 4*n(h). List the prime factors of m(5).
2
Let y = -8 + 13. Let w(r) = r. Let f be w(2). Suppose -y*q + 15 = -f*q. What are the prime factors of q?
5
Suppose 5*x + 4*w - 6*w - 920 = 0, 0 = 3*x + 4*w - 526. List the prime factors of x.
2, 7, 13
Let s = -1 + 3. Suppose 0 = s*u + u - 18. List the prime factors of u.
2, 3
List the prime factors of 1/(10/9 - 1).
3
Let q be (12/14)/(3/21). Let w(u) = -u**3 + 5*u**2 + 7*u - 3. Let g be w(q). Suppose -g*c + 2 = -7. What are the prime factors of c?
3
What are the prime factors of 16/(-24) - (401/3)/(-1)?
7, 19
Let o(r) = 4*r - 2. Let s be o(2). Suppose 4*z + 14 = s*z. What are the prime factors of z?
7
Let h(y) = y + 6*y - y**3 - 4*y - 3*y**2. Let k(p) = p**2 - 19*p - 46. Let r be k(21). List the prime factors of h(r).
2
Let p be 6/24 - 58/8. Let y be (-2)/p + 12/7. Suppose 38 = 2*c + y*c + 2*w, 2*c - w = 25. What are the prime factors of c?
11
Let z(j) = j - 3. Let h be z(-6). Let o = -4 - h. List the prime factors of o.
5
Suppose 3*k + 6 = -3*q, 0*q = 4*q - 2*k - 22. Let j = 17 + q. What are the prime factors of j?
2, 5
What are the prime factors of (9 + -5)/(2/7)?
2, 7
Suppose 4*n + n = 10. Suppose -2*l + 43 = 3*g, 0*g + 73 = n*l - 3*g. List the prime factors of l.
29
Let l = 0 + 0. Suppose c = 6*c + 3*d - 32, l = -4*d - 4. List the prime factors of c.
7
Let d(s) = s**2 + 9. What are the prime factors of d(9)?
2, 3, 5
Let z = 370 - 203. List the prime factors of z.
167
Let f = 177 + -104. What are t